3564170 a multiple of 65?
False
Does 42 divide 28535435?
False
Is 148 a factor of 23461448?
False
Is 9 a factor of 349665789?
False
Does 40 divide 36126495?
False
Does 1143 divide 3704546014?
False
Is 192895902 a multiple of 9?
True
Is 2 a factor of 859529?
False
Is 1746 a factor of 5166922?
False
Does 5840 divide 419373853?
False
Is 18751200 a multiple of 1200?
True
Is 3013582 a multiple of 46?
False
Is 11860903 even?
False
Is 14876490 a multiple of 158?
True
Is 934 a factor of 109168722?
True
Is 68092897 a multiple of 553?
False
Is 26594943 a multiple of 249?
True
Does 32 divide 261258122?
False
Is 46845132 a multiple of 1662?
True
Is 15 a factor of 50572140?
True
Does 11 divide 46994233?
True
Is 46 a factor of 131071480?
True
Does 16 divide 1384796486?
False
Is 3335 a factor of 118412510?
True
Is 45528144 a multiple of 16?
True
Is 19 a factor of 512627429?
True
Is 1432266 a multiple of 66?
True
Does 4 divide 27831234?
False
Does 2021 divide 4090448184?
False
Is 22 a factor of 206475346?
True
Is 804257120 a multiple of 261?
False
Is 786461785 a multiple of 177?
False
Is 846 a factor of 25471900?
False
Is 51 a factor of 7816209?
True
Is 28384384 a multiple of 32?
True
Is 437 a factor of 1019764718?
False
Is 222341160 a multiple of 30?
True
Is 132039728 a multiple of 2098?
True
Does 25 divide 123671972?
False
Is 2303 a factor of 451484617?
False
Is 2 a factor of 17834037?
False
Is 30863546 a multiple of 1211?
True
Does 3014 divide 240529256?
True
Is 1101485189 a multiple of 1477?
False
Is 47 a factor of 3894373?
True
Is 5685 a factor of 4312197090?
False
Is 13327171 a multiple of 1859?
True
Is 50 a factor of 55355450?
True
Is 159728935 a multiple of 113?
False
Does 6425 divide 1950748550?
False
Is 105871766 a multiple of 11?
True
Does 1733 divide 46959454?
False
Does 9 divide 53120831?
False
Is 21635664 a multiple of 120?
False
Does 4 divide 2322943?
False
Is 177 a factor of 290941886?
False
Is 223472871 a multiple of 153?
True
Is 9 a factor of 56079432?
True
Is 9 a factor of 27916048?
False
Is 2736490728 a multiple of 183?
False
Is 129137585 a multiple of 75?
False
Is 185118370 a multiple of 127?
False
Is 573 a factor of 54142770?
True
Does 119 divide 386962296?
True
Is 176 a factor of 7987913?
False
Is 1071 a factor of 68678946?
True
Is 70 a factor of 102655770?
True
Is 213001735 a multiple of 31?
False
Is 21 a factor of 99743049?
True
Is 43625968 a multiple of 295?
False
Does 45 divide 1422599400?
True
Is 327894351 a multiple of 181?
True
Is 51110535 a multiple of 169?
False
Is 608 a factor of 42393788?
False
Is 727 a factor of 236113606?
True
Is 55386898 a multiple of 7?
True
Is 157 a factor of 2366273399?
False
Is 140 a factor of 941837055?
False
Is 2929808 a multiple of 74?
True
Is 540947457 a multiple of 15?
False
Is 133 a factor of 577818180?
False
Is 886503296 a multiple of 674?
False
Is 482079607 a multiple of 131?
True
Is 72821884 a multiple of 167?
False
Is 293 a factor of 387386487?
False
Does 133 divide 40928263?
False
Is 1247740328 a multiple of 1473?
False
Is 1317393 a multiple of 37?
False
Does 4591 divide 200059475?
False
Is 912650419 a multiple of 808?
False
Is 522888219 a multiple of 372?
False
Does 704 divide 36533?
False
Does 12 divide 11243712?
True
Is 86951352 a multiple of 12?
True
Does 27 divide 417409605?
True
Is 195977 a multiple of 2?
False
Is 645423138 a multiple of 6?
True
Is 83 a factor of 340165872?
True
Is 373 a factor of 547373024?
True
Is 264 a factor of 61738776?
True
Does 873 divide 4408231833?
True
Does 138 divide 519436006?
False
Is 30 a factor of 445190189?
False
Does 59 divide 518762748?
False
Does 10 divide 18761880?
True
Is 1056 a factor of 21870816?
True
Is 3390300 a multiple of 6?
True
Does 1559 divide 481155729?
True
Is 131 a factor of 25477404?
True
Is 30 a factor of 74183850?
True
Is 4817810 a multiple of 28?
False
Is 18 a factor of 166399296?
False
Is 81 a factor of 5257770?
False
Is 25931694 a multiple of 12?
False
Does 3223 divide 234526685?
False
Does 41 divide 106931075?
True
Is 34 a factor of 1080741714?
True
Does 19 divide 663522046?
False
Is 5 a factor of 23635982?
False
Is 12 a factor of 14697545?
False
Is 2106 a factor of 695553586?
False
Is 76 a factor of 10545912?
True
Is 26 a factor of 221483002?
True
Is 856682633 a multiple of 91?
False
Does 220 divide 3660518?
False
Is 742602654 a multiple of 6771?
True
Is 64956048 a multiple of 102?
True
Does 2038 divide 211437897?
False
Does 12 divide 323067600?
True
Is 472693984 a multiple of 97?
False
Is 4297 a factor of 1675383112?
True
Is 18 a factor of 8166312?
True
Does 380 divide 667921722?
False
Does 425 divide 63536795?
False
Is 4759 a factor of 1347985558?
False
Does 5098 divide 2376682502?
True
Is 88620156 a multiple of 629?
False
Is 716284714 a multiple of 84?
False
Does 1129 divide 241500960?
False
Does 27 divide 17396856?
True
Is 251341293 a multiple of 573?
True
Is 8 a factor of 2558468995?
False
Is 953 a factor of 179003896?
True
Does 61 divide 370078597?
False
Does 4292 divide 823378304?
False
Is 1759 a factor of 294173752?
False
Is 453736841 a multiple of 3871?
False
Is 15136839 a multiple of 659?
False
Is 28 a factor of 24439269?
False
Is 51 a factor of 27114647?
False
Is 15245638 a multiple of 86?
False
Is 1797 a factor of 343566633?
True
Is 78617095 a multiple of 17?
True
Is 57 a factor of 1450687137?
False
Is 63634993 a multiple of 141?
False
Is 299 a factor of 74745347?
False
Is 22260232 a multiple of 4?
True
Is 2633 a factor of 337592728?
True
Does 60 divide 267521040?
True
Does 392 divide 562956688?
True
Is 6788 a factor of 443351432?
True
Does 4 divide 3936792?
True
Is 1191 a factor of 8419179?
True
Is 254946126 a multiple of 3?
True
Does 154 divide 130025126?
True
Is 126 a factor of 6553173?
False
Is 113 a factor of 225337585?
False
Does 6 divide 217421622?
True
Is 377812740 a multiple of 1306?
True
Is 37822272 a multiple of 32?
True
Is 1658969024 a multiple of 23?
True
Does 33 divide 18696326?
False
Does 856 divide 30655928?
True
Is 12 a factor of 68879424?
True
Is 1132141 a multiple of 132?
False
Is 290 a factor of 149080963?
False
Is 20 a factor of 11479511?
False
Is 112572236 a multiple of 581?
True
Is 11332 a factor of 1775327780?
True
Is 27 a factor of 43437249?
True
Is 118329774 a multiple of 186?
False
Is 102213409 a multiple of 64?
False
Is 174 a factor of 425262923?
False
Is 17 a factor of 1865205273?
False
Is 6295 a factor of 947214945?
True
Is 14 a factor of 26978644?
True
Is 435997557 a multiple of 6?
False
Does 10 divide 110759690?
True
Does 2 divide 51901998?
True
Is 10 a factor of 115335400?
True
Is 5384694 a multiple of 26?
False
Is 76 a factor of 59021372?
True
Does 124 divide 2703176440?
True
Is 1442043900 a multiple of 60?
True
Is 2164 a factor of 57990872?
True
Is 28 a factor of 58991548?
True
Does 271 divide 2155340870?
False
Does 49 divide 15481452?
True
Is 313956188 a multiple of 182?
True
Does 22 divide 926786844?
False
Does 15 divide 6840630?
True
Is 193252248 a multiple of 252?
True
Is 742263372 a multiple of 12?
True
Does 1042 divide 119439250?
True
Does 20 divide 2921698500?
True
Is 81 a factor of 34637868?
True
Is 13646238 a multiple of 14?
False
Is 763827040 a multiple of 5114?
True
Is 9623960 a multiple of 10?
True
Is 3799 a factor of 347872744?
False
Does 12 divide 101601881?
False
Is 10015741 a multiple of 251?
False
Is 150980860 a multiple of 202?
True
Does 2150 divide 172361200?
True
Is 1291779680 a multiple of 68?
True
Is 285 a factor of 48588305?
False
Is 4 a factor of 1526930?
False
Is 42 a factor of 301087864?
False
Is 3412184928 a multiple of 618?
False
Is 249575450 a multiple of 14?
False
Is 156 a factor of 1112507292?
True
Does 58 divide 50093324?
True
Is 592060 a multiple of 5?
True
Is 315326160 a multiple of 120?
True
Is 1252105710 a multiple of 30?
True
Is 27904958 a multiple of 1123?
False
Is 1368 a factor of 142607016?
False
Does 152 divide 482339928?
True
Is 214755841 a multiple of 4910?
False
Is 1184877549 a multiple of 28?
False
Does 3563 divide 1933201851?
True
Is 36 a factor of 1985882148?
True
Is 362 a factor of 25654690?
False
Does 1608 divide 43768152?
True
Does 3933 divide 130264893?
True
Is 410 a factor of 4945334?
False
Is 139921452 a multiple of 8?
False
